11865397
What are the prime factors of 62231450?
2, 5, 1244629
What are the prime factors of 1244819608?
2, 155602451
List the prime factors of 559973810.
2, 5, 11, 5090671
List the prime factors of 6166097734.
2, 12601, 244667
List the prime factors of 67445184.
2, 3, 29, 12113
What are the prime factors of 604676288?
2, 9448067
List the prime factors of 560721135.
3, 5, 13, 137, 139, 151
List the prime factors of 4746299.
4746299
What are the prime factors of 160102375?
5, 569, 2251
List the prime factors of 129173433.
3, 103, 379, 1103
What are the prime factors of 2370285813?
3, 7, 787, 143419
What are the prime factors of 419373563?
7, 2789, 21481
List the prime factors of 69876306.
2, 3, 431, 9007
What are the prime factors of 4074217933?
4074217933
List the prime factors of 21943908.
2, 3, 7, 31, 53
What are the prime factors of 65579185?
5, 7, 73, 25667
List the prime factors of 1684236223.
17, 607, 9601
List the prime factors of 2518302984.
2, 3, 41, 2559251
What are the prime factors of 4560115882?
2, 7, 325722563
What are the prime factors of 11655088?
2, 227, 3209
What are the prime factors of 883117583?
883117583
List the prime factors of 905150913.
3, 571, 528401
What are the prime factors of 342449561?
342449561
What are the prime factors of 50091126?
2, 3, 61, 136861
List the prime factors of 129695165.
5, 31, 419, 1997
What are the prime factors of 578391260?
2, 5, 28919563
What are the prime factors of 30603714?
2, 3, 5100619
What are the prime factors of 1103914357?
7, 13, 1427, 8501
What are the prime factors of 246783902?
2, 59, 2091389
What are the prime factors of 740057837?
740057837
What are the prime factors of 37107403?
31, 1197013
List the prime factors of 327435220.
2, 5, 7, 2338823
List the prime factors of 386036232.
2, 3, 23, 677, 1033
What are the prime factors of 333938390?
2, 5, 33393839
What are the prime factors of 857409369?
3, 109, 743, 3529
List the prime factors of 3462710938.
2, 1731355469
List the prime factors of 46833672.
2, 3, 1951403
What are the prime factors of 1548713664?
2, 3, 41, 65579
List the prime factors of 360767072.
2, 11273971
List the prime factors of 166807207.
7, 23829601
List the prime factors of 379179419.
3559, 106541
What are the prime factors of 2303716744?
2, 7, 43, 67, 109, 131
List the prime factors of 415981996.
2, 103995499
What are the prime factors of 282956386?
2, 141478193
What are the prime factors of 104986128?
2, 3, 13, 168247
List the prime factors of 75134350.
2, 5, 1502687
What are the prime factors of 895925956?
2, 617, 363017
List the prime factors of 244666898.
2, 7, 277, 9013
What are the prime factors of 116992398?
2, 3, 23, 59, 14369
List the prime factors of 1971171162.
2, 3, 23, 4761283
List the prime factors of 2425527105.
3, 5, 17, 9511871
What are the prime factors of 29607115?
5, 17, 29, 12011
List the prime factors of 39319811.
23, 31, 55147
List the prime factors of 59270447.
137, 432631
What are the prime factors of 401215504?
2, 17, 41, 35977
List the prime factors of 181907654.
2, 90953827
What are the prime factors of 406424055?
3, 5, 27094937
List the prime factors of 292390646.
2, 146195323
List the prime factors of 42918811.
13, 29, 113843
What are the prime factors of 73161198?
2, 3, 11, 11197
What are the prime factors of 248978656?
2, 7780583
What are the prime factors of 910452551?
211, 251, 17191
What are the prime factors of 24618293?
7, 113, 31123
List the prime factors of 265161077.
265161077
What are the prime factors of 9522056?
2, 139, 8563
List the prime factors of 153815416.
2, 179, 233, 461
What are the prime factors of 359455589?
3361, 106949
List the prime factors of 671325232.
2, 349, 120223
What are the prime factors of 252140948?
2, 241, 261557
List the prime factors of 7499177.
7, 1071311
List the prime factors of 44022125.
5, 7, 50311
List the prime factors of 5850403743.
3, 43, 45351967
List the prime factors of 19630880.
2, 5, 122693
List the prime factors of 2982555312.
2, 3, 11, 5648779
What are the prime factors of 2182118482?
2, 41, 73, 364537
What are the prime factors of 207611387?
251, 787, 1051
What are the prime factors of 55465817?
11, 719, 7013
What are the prime factors of 2143543052?
2, 7, 23, 37, 89959
What are the prime factors of 33724875?
3, 5, 139, 647
List the prime factors of 55290703.
13, 19, 223849
List the prime factors of 1604249938.
2, 31, 2473, 10463
What are the prime factors of 1426060745?
5, 61, 4675609
List the prime factors of 941139362.
2, 709, 663709
List the prime factors of 106297317.
3, 7, 241037
What are the prime factors of 19444643?
43, 452201
What are the prime factors of 135990756?
2, 3, 11, 343411
What are the prime factors of 481242036?
2, 3, 11, 3645773
List the prime factors of 92223787.
9161, 10067
What are the prime factors of 311788628?
2, 29, 359, 7487
What are the prime factors of 130411496?
2, 16301437
List the prime factors of 844482214.
2, 23, 4231, 4339
List the prime factors of 3002822930.
2, 5, 607, 494699
List the prime factors of 31083367.
7, 37, 43, 2791
What are the prime factors of 309967145?
5, 1033, 60013
List the prime factors of 525973820.
2, 5, 26298691
What are the prime factors of 90578591?
487, 185993
What are the prime factors of 783813318?
2, 3, 41, 77713
List the prime factors of 333268642.
2, 7, 191, 124633
List the prime factors of 1969869068.
2, 492467267
List the prime factors of 2781123255.
3, 5, 43, 159697
What are the prime factors of 193503532?
2, 2557, 18919
What are the prime factors of 1744327147?
61, 2417, 11831
What are the prime factors of 991361992?
2, 1831, 67679
List the prime factors of 3359164740.
2, 3, 5, 55986079
List the prime factors of 65484725.
5, 2619389
List the prime factors of 3704064067.
11, 336733097
List the prime factors of 557093701.
79, 263, 26813
What are the prime factors of 2120141?
163, 13007
What are the prime factors of 4784594977?
21773, 219749
What are the prime factors of 44593993?
3617, 12329
What are the prime factors of 64427163?
3, 23, 61, 15307
What are the prime factors of 223255386?
2, 3, 257, 16087
List the prime factors of 140617917.
3, 11, 19, 24919
What are the prime factors of 135929109?
3, 45309703
What are the prime factors of 105331172?
2, 197, 133669
What are the prime factors of 457629282?
2, 3, 11, 409, 5651
What are the prime factors of 289371160?
2, 5, 13, 556483
What are the prime factors of 37182538?
2, 311, 59779
List the prime factors of 236654093.
13, 17, 31, 34543
List the prime factors of 59787628.
2, 14946907
List the prime factors of 348278513.
11, 4339, 7297
What are the prime factors of 165000136?
2, 7, 2946431
List the prime factors of 1106489667.
3, 368829889
List the prime factors of 26959272.
2, 3, 1123303
What are the prime factors of 2905664928?
2, 3, 30267343
List the prime factors of 15465109.
11, 1405919
List the prime factors of 702712879.
11, 63882989
What are the prime factors of 49350178?
2, 613, 40253
List the prime factors of 607418223.
3, 607, 333563
What are the prime factors of 77465961?
3, 8607329
List the prime factors of 21467882.
2, 631, 17011
List the prime factors of 177346217.
37, 4793141
List the prime factors of 76498528.
2, 2390579
List the prime factors of 333452885.
5, 3631, 18367
List the prime factors of 6096660.
2, 3, 5, 101611
What are the prime factors of 437263927?
59, 7411253
What are the prime factors of 1105239241?
17, 65014073
List the prime factors of 3485414.
2, 1742707
List the prime factors of 14314797.
3, 7, 227219
What are the prime factors of 1060787?
7, 13, 11657
List the prime factors of 6105522479.
7, 1409, 619033
List the prime factors of 253215955.
5, 50643191
What are the prime factors of 1341534369?
3, 7, 367, 174067
What are the prime factors of 375378137?
375378137
What are the prime factors of 6433627020?
2, 3, 5, 107227117
List the prime factors of 41162588.
2, 19, 541613
List the prime factors of 35546193.
3, 823, 4799
List the prime factors of 2026594587.
3, 19, 35554291
List the prime factors of 45132998.
2, 53, 425783
What are the prime factors of 146733011?
29, 5059759
List the prime factors of 62839285.
5, 12567857
What are the prime factors of 22584949?
4547, 4967
What are the prime factors of 246973497?
3,